{"id":2941,"date":"2013-11-22T10:23:52","date_gmt":"2013-11-22T09:23:52","guid":{"rendered":"http:\/\/vespamons.wordpress.easyaccess2web.com\/?page_id=2941"},"modified":"2013-11-22T10:23:52","modified_gmt":"2013-11-22T09:23:52","slug":"liens-internet","status":"publish","type":"page","link":"https:\/\/histoire.easyaccess2web.com\/vespa\/liens-internet\/","title":{"rendered":"Liens internet"},"content":{"rendered":"<p style=\"text-align: center\">Nous surfons r\u00e9guli\u00e8rement sur le Web.\u00a0\u00a0 D\u00e8s que nous rencontrons un site int\u00e9ressant, nous le r\u00e9pertorions pour vous\u00a0 :<\/p>\n<p style=\"text-align: left\"><span style=\"color: #0000ff\"><em><strong>Les clubs (10)<\/strong><\/em><\/span><\/p>\n<ul style=\"text-align: left\">\n<li><a href=\"http:\/\/www.vespaclubsambreville.be\/\" target=\"_blank\">Vespa Club Sambreville<\/a><\/li>\n<li><a href=\"http:\/\/www.vespaclubgracehollogne.be\/photos\" target=\"_blank\">Vespa Club Gr\u00e2ce Hollogne<\/a><\/li>\n<li><a href=\"http:\/\/www.vespaclubbruxelles.be\/\" target=\"_blank\">Vespa Club Bruxelles<\/a><\/li>\n<li><a href=\"http:\/\/www.classicvespaclubbrussels.be\/\" target=\"_blank\">Classic Vespa Club Bruxelles<\/a><\/li>\n<li><a href=\"http:\/\/www.vespaclubmontegnee.com\/\" target=\"_blank\">Vespa Club Montegn\u00e9e<\/a><\/li>\n<li><a href=\"http:\/\/www.vespaclubfleron.be\/\" target=\"_blank\">Vespa Club Fl\u00e9ron<\/a><\/li>\n<li><a href=\"http:\/\/www.vcazzurri.be\/\" target=\"_blank\">Vespa Club Azzuri Maasmechelen<\/a><\/li>\n<li><a href=\"http:\/\/www.vespa-des-savoie.com\/\" target=\"_blank\">Vespa Club des Savoie<\/a>\u00a0 \u00a0 \u00a0 \u00a0Site du club, compl\u00e9t\u00e9 par une page atelier m\u00e9canique tr\u00e8s utile !!!<\/li>\n<li><a href=\"http:\/\/www.vespacluboostende.be\/\">Vespa Club Oostende<\/a><\/li>\n<li><a href=\"http:\/\/www.vespaclubtournai.be\/\">Vespa Club Tournai<\/a><\/li>\n<\/ul>\n<p>&nbsp;<\/p>\n<ul style=\"text-align: left\">\n<li><a href=\"http:\/\/www.vespaworlddays2016.org\/\">Vespa World Days 2016 St-Tropez<\/a><\/li>\n<li><\/li>\n<li><a href=\"http:\/\/www.belgianvespadaysath2016.com\/\">Belgian Vespa Days 2016 \u00e0 Ath<\/a><\/li>\n<\/ul>\n<p style=\"text-align: left\">\n<p style=\"text-align: left\"><strong><em><span style=\"color: #0000ff\">Nos Amis Montois (3)<\/span><\/em><\/strong><\/p>\n<ul>\n<li><a href=\"http:\/\/www.lesremparts.be\/\" target=\"_blank\">Le comit\u00e9 des Remparts<\/a><\/li>\n<li><a href=\"http:\/\/www.mons.be\/\" target=\"_blank\">Le site officiel de la Ville de Mons<\/a><\/li>\n<li><a href=\"http:\/\/www.mons2015.eu\/fr\/\" target=\"_blank\">Mons 2015 : Capitale europ\u00e9enne de la Culture en 2015<\/a><\/li>\n<\/ul>\n<p style=\"text-align: left\"><span style=\"color: #0000ff\"><em><strong>Les sites utiles pour vos Vespas (3)<\/strong><\/em><\/span><\/p>\n<ul>\n<li><span style=\"color: #800080\"><a href=\"http:\/\/vintagescooters.free.fr\/\" target=\"_blank\"><span style=\"color: #800080\">Vintage Scooter : Portail web complet pour la Vespa<\/span><\/a><\/span><\/li>\n<li><span style=\"color: #800080\"><a href=\"http:\/\/www.scootentole.org\/\" target=\"_blank\"><span style=\"color: #800080\">Scootentole.org : Forum de discussions sur les scoots en t\u00f4le<\/span><\/a><\/span><\/li>\n<li><span style=\"color: #800080\"><a href=\"http:\/\/www.scooterhelp.com\/\" target=\"_blank\"><span style=\"color: #800080\">Scooter Help : Portail web Vespa et Lambretta tr\u00e8s complet en anglais.<\/span><\/a><\/span><\/li>\n<\/ul>\n<p style=\"text-align: left\"><span style=\"color: #0000ff\"><em><strong>Les Web-Shops Vespas (5)<\/strong><\/em><\/span><\/p>\n<ul>\n<li><span style=\"color: #800080\"><a href=\"http:\/\/www.vintagescooter.com\/website\/fr-0-0-0-vintage-scooter-services\" target=\"_blank\"><span style=\"color: #800080\">Vintage Scooter : site fran\u00e7ais<\/span><\/a><\/span><\/li>\n<li><span style=\"color: #800080\"><a href=\"http:\/\/www.sip-scootershop.com\/fr\/main\/base\/home.aspx\" target=\"_blank\"><span style=\"color: #800080\">S.I.P. Scootershop : site allemand<\/span><\/a><\/span><\/li>\n<li><span style=\"color: #800080\"><a href=\"http:\/\/www.legendsbike.be\/\" target=\"_blank\"><span style=\"color: #800080\">Legend&rsquo;s bike : site belge, concessionnaire Piaggio pour le Brabant wallon et sp\u00e9cialis\u00e9s en Vespa et Lambretta anciennes<\/span><\/a><\/span><\/li>\n<li><span style=\"color: #800080\"><a href=\"http:\/\/www.vespazone.com\/\" target=\"_blank\"><span style=\"color: #800080\">VespaZone : Web-Shop et atelier Vespa \u00e0 Mons<\/span><\/a><\/span><\/li>\n<li><span style=\"text-decoration: underline;color: #800080\">DMD Racing Quaregnon et La Louvi\u00e8re : www.dmdracing.net<\/span><\/li>\n<\/ul>\n<p>&nbsp;<\/p>\n","protected":false},"excerpt":{"rendered":"<p>Nous surfons r\u00e9guli\u00e8rement sur le Web.\u00a0\u00a0 D\u00e8s que nous rencontrons un site int\u00e9ressant, nous le r\u00e9pertorions pour vous\u00a0 : Les clubs (10) Vespa Club Sambreville Vespa Club Gr\u00e2ce Hollogne Vespa Club Bruxelles Classic Vespa Club Bruxelles Vespa Club Montegn\u00e9e Vespa Club Fl\u00e9ron Vespa Club Azzuri&#8230;<\/p>\n","protected":false},"author":1,"featured_media":0,"parent":0,"menu_order":0,"comment_status":"closed","ping_status":"closed","template":"","meta":{"footnotes":""},"class_list":["post-2941","page","type-page","status-publish","hentry"],"yoast_head":"<!-- This site is optimized with the Yoast SEO plugin v27.4 - https:\/\/yoast.com\/product\/yoast-seo-wordpress\/ -->\n<title>Liens internet - vespa<\/title>\n<meta name=\"robots\" content=\"index, follow, max-snippet:-1, max-image-preview:large, max-video-preview:-1\" \/>\n<link rel=\"canonical\" href=\"https:\/\/histoire.easyaccess2web.com\/vespa\/liens-internet\/\" \/>\n<meta property=\"og:locale\" content=\"fr_FR\" \/>\n<meta property=\"og:type\" content=\"article\" \/>\n<meta property=\"og:title\" content=\"Liens internet - vespa\" \/>\n<meta property=\"og:description\" content=\"Nous surfons r\u00e9guli\u00e8rement sur le Web.\u00a0\u00a0 D\u00e8s que nous rencontrons un site int\u00e9ressant, nous le r\u00e9pertorions pour vous\u00a0 : Les clubs (10) Vespa Club Sambreville Vespa Club Gr\u00e2ce Hollogne Vespa Club Bruxelles Classic Vespa Club Bruxelles Vespa Club Montegn\u00e9e Vespa Club Fl\u00e9ron Vespa Club Azzuri...\" \/>\n<meta property=\"og:url\" content=\"https:\/\/histoire.easyaccess2web.com\/vespa\/liens-internet\/\" \/>\n<meta property=\"og:site_name\" content=\"vespa\" \/>\n<meta name=\"twitter:card\" content=\"summary_large_image\" \/>\n<meta name=\"twitter:label1\" content=\"Dur\u00e9e de lecture estim\u00e9e\" \/>\n\t<meta name=\"twitter:data1\" content=\"1 minute\" \/>\n<script type=\"application\/ld+json\" class=\"yoast-schema-graph\">{\"@context\":\"https:\\\/\\\/schema.org\",\"@graph\":[{\"@type\":\"WebPage\",\"@id\":\"https:\\\/\\\/histoire.easyaccess2web.com\\\/vespa\\\/liens-internet\\\/\",\"url\":\"https:\\\/\\\/histoire.easyaccess2web.com\\\/vespa\\\/liens-internet\\\/\",\"name\":\"Liens internet - vespa\",\"isPartOf\":{\"@id\":\"https:\\\/\\\/histoire.easyaccess2web.com\\\/vespa\\\/#website\"},\"datePublished\":\"2013-11-22T09:23:52+00:00\",\"breadcrumb\":{\"@id\":\"https:\\\/\\\/histoire.easyaccess2web.com\\\/vespa\\\/liens-internet\\\/#breadcrumb\"},\"inLanguage\":\"fr-FR\",\"potentialAction\":[{\"@type\":\"ReadAction\",\"target\":[\"https:\\\/\\\/histoire.easyaccess2web.com\\\/vespa\\\/liens-internet\\\/\"]}]},{\"@type\":\"BreadcrumbList\",\"@id\":\"https:\\\/\\\/histoire.easyaccess2web.com\\\/vespa\\\/liens-internet\\\/#breadcrumb\",\"itemListElement\":[{\"@type\":\"ListItem\",\"position\":1,\"name\":\"Accueil\",\"item\":\"https:\\\/\\\/histoire.easyaccess2web.com\\\/vespa\\\/\"},{\"@type\":\"ListItem\",\"position\":2,\"name\":\"Liens internet\"}]},{\"@type\":\"WebSite\",\"@id\":\"https:\\\/\\\/histoire.easyaccess2web.com\\\/vespa\\\/#website\",\"url\":\"https:\\\/\\\/histoire.easyaccess2web.com\\\/vespa\\\/\",\"name\":\"vespa\",\"description\":\"\",\"potentialAction\":[{\"@type\":\"SearchAction\",\"target\":{\"@type\":\"EntryPoint\",\"urlTemplate\":\"https:\\\/\\\/histoire.easyaccess2web.com\\\/vespa\\\/?s={search_term_string}\"},\"query-input\":{\"@type\":\"PropertyValueSpecification\",\"valueRequired\":true,\"valueName\":\"search_term_string\"}}],\"inLanguage\":\"fr-FR\"}]}<\/script>\n<!-- \/ Yoast SEO plugin. -->","yoast_head_json":{"title":"Liens internet - vespa","robots":{"index":"index","follow":"follow","max-snippet":"max-snippet:-1","max-image-preview":"max-image-preview:large","max-video-preview":"max-video-preview:-1"},"canonical":"https:\/\/histoire.easyaccess2web.com\/vespa\/liens-internet\/","og_locale":"fr_FR","og_type":"article","og_title":"Liens internet - vespa","og_description":"Nous surfons r\u00e9guli\u00e8rement sur le Web.\u00a0\u00a0 D\u00e8s que nous rencontrons un site int\u00e9ressant, nous le r\u00e9pertorions pour vous\u00a0 : Les clubs (10) Vespa Club Sambreville Vespa Club Gr\u00e2ce Hollogne Vespa Club Bruxelles Classic Vespa Club Bruxelles Vespa Club Montegn\u00e9e Vespa Club Fl\u00e9ron Vespa Club Azzuri...","og_url":"https:\/\/histoire.easyaccess2web.com\/vespa\/liens-internet\/","og_site_name":"vespa","twitter_card":"summary_large_image","twitter_misc":{"Dur\u00e9e de lecture estim\u00e9e":"1 minute"},"schema":{"@context":"https:\/\/schema.org","@graph":[{"@type":"WebPage","@id":"https:\/\/histoire.easyaccess2web.com\/vespa\/liens-internet\/","url":"https:\/\/histoire.easyaccess2web.com\/vespa\/liens-internet\/","name":"Liens internet - vespa","isPartOf":{"@id":"https:\/\/histoire.easyaccess2web.com\/vespa\/#website"},"datePublished":"2013-11-22T09:23:52+00:00","breadcrumb":{"@id":"https:\/\/histoire.easyaccess2web.com\/vespa\/liens-internet\/#breadcrumb"},"inLanguage":"fr-FR","potentialAction":[{"@type":"ReadAction","target":["https:\/\/histoire.easyaccess2web.com\/vespa\/liens-internet\/"]}]},{"@type":"BreadcrumbList","@id":"https:\/\/histoire.easyaccess2web.com\/vespa\/liens-internet\/#breadcrumb","itemListElement":[{"@type":"ListItem","position":1,"name":"Accueil","item":"https:\/\/histoire.easyaccess2web.com\/vespa\/"},{"@type":"ListItem","position":2,"name":"Liens internet"}]},{"@type":"WebSite","@id":"https:\/\/histoire.easyaccess2web.com\/vespa\/#website","url":"https:\/\/histoire.easyaccess2web.com\/vespa\/","name":"vespa","description":"","potentialAction":[{"@type":"SearchAction","target":{"@type":"EntryPoint","urlTemplate":"https:\/\/histoire.easyaccess2web.com\/vespa\/?s={search_term_string}"},"query-input":{"@type":"PropertyValueSpecification","valueRequired":true,"valueName":"search_term_string"}}],"inLanguage":"fr-FR"}]}},"_links":{"self":[{"href":"https:\/\/histoire.easyaccess2web.com\/vespa\/wp-json\/wp\/v2\/pages\/2941","targetHints":{"allow":["GET"]}}],"collection":[{"href":"https:\/\/histoire.easyaccess2web.com\/vespa\/wp-json\/wp\/v2\/pages"}],"about":[{"href":"https:\/\/histoire.easyaccess2web.com\/vespa\/wp-json\/wp\/v2\/types\/page"}],"author":[{"embeddable":true,"href":"https:\/\/histoire.easyaccess2web.com\/vespa\/wp-json\/wp\/v2\/users\/1"}],"replies":[{"embeddable":true,"href":"https:\/\/histoire.easyaccess2web.com\/vespa\/wp-json\/wp\/v2\/comments?post=2941"}],"version-history":[{"count":0,"href":"https:\/\/histoire.easyaccess2web.com\/vespa\/wp-json\/wp\/v2\/pages\/2941\/revisions"}],"wp:attachment":[{"href":"https:\/\/histoire.easyaccess2web.com\/vespa\/wp-json\/wp\/v2\/media?parent=2941"}],"curies":[{"name":"wp","href":"https:\/\/api.w.org\/{rel}","templated":true}]}}