{"id":2931,"date":"2016-02-16T23:18:31","date_gmt":"2016-02-16T22:18:31","guid":{"rendered":"http:\/\/vespamons.wordpress.easyaccess2web.com\/?page_id=2931"},"modified":"2016-02-16T23:18:31","modified_gmt":"2016-02-16T22:18:31","slug":"accueil-vespa-club-mons-borinage","status":"publish","type":"page","link":"https:\/\/histoire.easyaccess2web.com\/vespa\/accueil-vespa-club-mons-borinage\/","title":{"rendered":"Accueil Vespa Club Mons Borinage"},"content":{"rendered":"<p style=\"margin-top: 0px;margin-bottom: 5px;color: #666666;font-family: Helvetica,Arial,sans-serif;font-size: 12px;font-style: normal;font-variant: normal;font-weight: normal;letter-spacing: normal;line-height: 15.5938px;text-indent: 0px;background-color: #ffffff;text-align: center\">Bonjour \u00e0 tous et toutes,<\/p>\n<p style=\"margin-top: 0px;margin-bottom: 5px;color: #666666;font-family: Helvetica,Arial,sans-serif;font-size: 12px;font-style: normal;font-variant: normal;font-weight: normal;letter-spacing: normal;line-height: 15.5938px;text-indent: 0px;background-color: #ffffff;text-align: center\">Amoureux des Vespa depuis notre tendre enfance, nous avons toujours eu envie de rouler des m\u00e9caniques et&#8230; t\u00e2ter des m\u00e9caniques.<\/p>\n<p style=\"margin-top: 0px;margin-bottom: 5px;color: #666666;font-family: Helvetica,Arial,sans-serif;font-size: 12px;font-style: normal;font-variant: normal;font-weight: normal;letter-spacing: normal;line-height: 15.5938px;text-indent: 0px;background-color: #ffffff;text-align: center\">Ce club est un bon pr\u00e9texte pour rassembler tous les passionn\u00e9s, frimeurs ou amoureux de la balade ; du 50 sp\u00e9cial \u00e0 la 200 Rally&#8230;..<\/p>\n<p style=\"margin-top: 0px;margin-bottom: 5px;color: #666666;font-family: Helvetica,Arial,sans-serif;font-size: 12px;font-style: normal;font-variant: normal;font-weight: normal;letter-spacing: normal;line-height: 15.5938px;text-indent: 0px;background-color: #ffffff;text-align: center\">Mais aussi de la nouvelle g\u00e9n\u00e9ration de Vespa \u00ab\u00a0plastiques\u00a0\u00bb comme s&rsquo;en gaussent les puristes !<\/p>\n<p style=\"margin-top: 0px;margin-bottom: 5px;color: #666666;font-family: Helvetica,Arial,sans-serif;font-size: 12px;font-style: normal;font-variant: normal;font-weight: normal;letter-spacing: normal;line-height: 15.5938px;text-indent: 0px;background-color: #ffffff;text-align: center\">Vous trouverez sur ce site des informations sur le club et ses activit\u00e9s, des photos de nos pr\u00e9c\u00e9dentes activit\u00e9s et la liste des membres.<\/p>\n<p style=\"margin-top: 0px;margin-bottom: 5px;color: #666666;font-family: Helvetica,Arial,sans-serif;font-size: 12px;font-style: normal;font-variant: normal;font-weight: normal;letter-spacing: normal;line-height: 15.5938px;text-indent: 0px;background-color: #ffffff;text-align: center\">Pour cette ann\u00e9e 2019,\u00a0 notre Rallye Vespa sera organis\u00e9 le dimanche 30 juin.<\/p>\n<p style=\"margin-top: 0px;margin-bottom: 5px;color: #666666;font-family: Helvetica,Arial,sans-serif;font-size: 12px;font-style: normal;font-variant: normal;font-weight: normal;letter-spacing: normal;line-height: 15.5938px;text-indent: 0px;background-color: #ffffff;text-align: center\">Bonne visite.<\/p>\n<p style=\"margin-top: 0px;margin-bottom: 5px;color: #666666;font-family: Helvetica,Arial,sans-serif;font-size: 12px;font-style: normal;font-variant: normal;font-weight: normal;letter-spacing: normal;line-height: 15.5938px;text-indent: 0px;background-color: #ffffff;text-align: left\"><a href=\"http:\/\/histoire.easyaccess2web.com\/vespa\/wp-content\/uploads\/sites\/40\/2013\/11\/blanche.jpg\"><img loading=\"lazy\" decoding=\"async\" class=\"size-medium wp-image-2934 aligncenter\" src=\"http:\/\/histoire.easyaccess2web.com\/vespa\/wp-content\/uploads\/sites\/40\/2013\/11\/blanche-300x187.jpg\" alt=\"Vespa blanche\" width=\"300\" height=\"187\" srcset=\"https:\/\/histoire.easyaccess2web.com\/vespa\/wp-content\/uploads\/sites\/40\/2013\/11\/blanche-300x187.jpg 300w, https:\/\/histoire.easyaccess2web.com\/vespa\/wp-content\/uploads\/sites\/40\/2013\/11\/blanche.jpg 676w\" sizes=\"auto, (max-width: 300px) 100vw, 300px\" \/><\/a><\/p>\n","protected":false},"excerpt":{"rendered":"<p>Bonjour \u00e0 tous et toutes, Amoureux des Vespa depuis notre tendre enfance, nous avons toujours eu envie de rouler des m\u00e9caniques et&#8230; t\u00e2ter des m\u00e9caniques. Ce club est un bon pr\u00e9texte pour rassembler tous les passionn\u00e9s, frimeurs ou amoureux de la balade ; du 50&#8230;<\/p>\n","protected":false},"author":650,"featured_media":0,"parent":0,"menu_order":0,"comment_status":"open","ping_status":"open","template":"","meta":{"footnotes":""},"class_list":["post-2931","page","type-page","status-publish","hentry"],"yoast_head":"<!-- This site is optimized with the Yoast SEO plugin v27.4 - https:\/\/yoast.com\/product\/yoast-seo-wordpress\/ -->\n<title>Accueil Vespa Club Mons Borinage - vespa<\/title>\n<meta name=\"description\" content=\"Accueil Vespa Club Mons Borinage\" \/>\n<meta name=\"robots\" content=\"index, follow, max-snippet:-1, max-image-preview:large, max-video-preview:-1\" \/>\n<link rel=\"canonical\" href=\"https:\/\/histoire.easyaccess2web.com\/vespa\/accueil-vespa-club-mons-borinage\/\" \/>\n<meta property=\"og:locale\" content=\"fr_FR\" \/>\n<meta property=\"og:type\" content=\"article\" \/>\n<meta property=\"og:title\" content=\"Accueil Vespa Club Mons Borinage - vespa\" \/>\n<meta property=\"og:description\" content=\"Accueil Vespa Club Mons Borinage\" \/>\n<meta property=\"og:url\" content=\"https:\/\/histoire.easyaccess2web.com\/vespa\/accueil-vespa-club-mons-borinage\/\" \/>\n<meta property=\"og:site_name\" content=\"vespa\" \/>\n<meta property=\"og:image\" content=\"https:\/\/histoire.easyaccess2web.com\/vespa\/wp-content\/uploads\/sites\/40\/2013\/11\/blanche.jpg\" \/>\n\t<meta property=\"og:image:width\" content=\"676\" \/>\n\t<meta property=\"og:image:height\" content=\"422\" \/>\n\t<meta property=\"og:image:type\" content=\"image\/jpeg\" \/>\n<meta name=\"twitter:card\" content=\"summary_large_image\" \/>\n<meta name=\"twitter:label1\" content=\"Dur\u00e9e de lecture estim\u00e9e\" \/>\n\t<meta name=\"twitter:data1\" content=\"1 minute\" \/>\n<script type=\"application\/ld+json\" class=\"yoast-schema-graph\">{\"@context\":\"https:\\\/\\\/schema.org\",\"@graph\":[{\"@type\":\"WebPage\",\"@id\":\"https:\\\/\\\/histoire.easyaccess2web.com\\\/vespa\\\/accueil-vespa-club-mons-borinage\\\/\",\"url\":\"https:\\\/\\\/histoire.easyaccess2web.com\\\/vespa\\\/accueil-vespa-club-mons-borinage\\\/\",\"name\":\"Accueil Vespa Club Mons Borinage - vespa\",\"isPartOf\":{\"@id\":\"https:\\\/\\\/histoire.easyaccess2web.com\\\/vespa\\\/#website\"},\"primaryImageOfPage\":{\"@id\":\"https:\\\/\\\/histoire.easyaccess2web.com\\\/vespa\\\/accueil-vespa-club-mons-borinage\\\/#primaryimage\"},\"image\":{\"@id\":\"https:\\\/\\\/histoire.easyaccess2web.com\\\/vespa\\\/accueil-vespa-club-mons-borinage\\\/#primaryimage\"},\"thumbnailUrl\":\"http:\\\/\\\/histoire.easyaccess2web.com\\\/vespa\\\/wp-content\\\/uploads\\\/sites\\\/40\\\/2013\\\/11\\\/blanche-300x187.jpg\",\"datePublished\":\"2016-02-16T22:18:31+00:00\",\"description\":\"Accueil Vespa Club Mons Borinage\",\"breadcrumb\":{\"@id\":\"https:\\\/\\\/histoire.easyaccess2web.com\\\/vespa\\\/accueil-vespa-club-mons-borinage\\\/#breadcrumb\"},\"inLanguage\":\"fr-FR\",\"potentialAction\":[{\"@type\":\"ReadAction\",\"target\":[\"https:\\\/\\\/histoire.easyaccess2web.com\\\/vespa\\\/accueil-vespa-club-mons-borinage\\\/\"]}]},{\"@type\":\"ImageObject\",\"inLanguage\":\"fr-FR\",\"@id\":\"https:\\\/\\\/histoire.easyaccess2web.com\\\/vespa\\\/accueil-vespa-club-mons-borinage\\\/#primaryimage\",\"url\":\"https:\\\/\\\/histoire.easyaccess2web.com\\\/vespa\\\/wp-content\\\/uploads\\\/sites\\\/40\\\/2013\\\/11\\\/blanche.jpg\",\"contentUrl\":\"https:\\\/\\\/histoire.easyaccess2web.com\\\/vespa\\\/wp-content\\\/uploads\\\/sites\\\/40\\\/2013\\\/11\\\/blanche.jpg\",\"width\":676,\"height\":422},{\"@type\":\"BreadcrumbList\",\"@id\":\"https:\\\/\\\/histoire.easyaccess2web.com\\\/vespa\\\/accueil-vespa-club-mons-borinage\\\/#breadcrumb\",\"itemListElement\":[{\"@type\":\"ListItem\",\"position\":1,\"name\":\"Accueil\",\"item\":\"https:\\\/\\\/histoire.easyaccess2web.com\\\/vespa\\\/\"},{\"@type\":\"ListItem\",\"position\":2,\"name\":\"Accueil Vespa Club Mons Borinage\"}]},{\"@type\":\"WebSite\",\"@id\":\"https:\\\/\\\/histoire.easyaccess2web.com\\\/vespa\\\/#website\",\"url\":\"https:\\\/\\\/histoire.easyaccess2web.com\\\/vespa\\\/\",\"name\":\"vespa\",\"description\":\"\",\"potentialAction\":[{\"@type\":\"SearchAction\",\"target\":{\"@type\":\"EntryPoint\",\"urlTemplate\":\"https:\\\/\\\/histoire.easyaccess2web.com\\\/vespa\\\/?s={search_term_string}\"},\"query-input\":{\"@type\":\"PropertyValueSpecification\",\"valueRequired\":true,\"valueName\":\"search_term_string\"}}],\"inLanguage\":\"fr-FR\"}]}<\/script>\n<!-- \/ Yoast SEO plugin. -->","yoast_head_json":{"title":"Accueil Vespa Club Mons Borinage - vespa","description":"Accueil Vespa Club Mons Borinage","robots":{"index":"index","follow":"follow","max-snippet":"max-snippet:-1","max-image-preview":"max-image-preview:large","max-video-preview":"max-video-preview:-1"},"canonical":"https:\/\/histoire.easyaccess2web.com\/vespa\/accueil-vespa-club-mons-borinage\/","og_locale":"fr_FR","og_type":"article","og_title":"Accueil Vespa Club Mons Borinage - vespa","og_description":"Accueil Vespa Club Mons Borinage","og_url":"https:\/\/histoire.easyaccess2web.com\/vespa\/accueil-vespa-club-mons-borinage\/","og_site_name":"vespa","og_image":[{"width":676,"height":422,"url":"https:\/\/histoire.easyaccess2web.com\/vespa\/wp-content\/uploads\/sites\/40\/2013\/11\/blanche.jpg","type":"image\/jpeg"}],"twitter_card":"summary_large_image","twitter_misc":{"Dur\u00e9e de lecture estim\u00e9e":"1 minute"},"schema":{"@context":"https:\/\/schema.org","@graph":[{"@type":"WebPage","@id":"https:\/\/histoire.easyaccess2web.com\/vespa\/accueil-vespa-club-mons-borinage\/","url":"https:\/\/histoire.easyaccess2web.com\/vespa\/accueil-vespa-club-mons-borinage\/","name":"Accueil Vespa Club Mons Borinage - vespa","isPartOf":{"@id":"https:\/\/histoire.easyaccess2web.com\/vespa\/#website"},"primaryImageOfPage":{"@id":"https:\/\/histoire.easyaccess2web.com\/vespa\/accueil-vespa-club-mons-borinage\/#primaryimage"},"image":{"@id":"https:\/\/histoire.easyaccess2web.com\/vespa\/accueil-vespa-club-mons-borinage\/#primaryimage"},"thumbnailUrl":"http:\/\/histoire.easyaccess2web.com\/vespa\/wp-content\/uploads\/sites\/40\/2013\/11\/blanche-300x187.jpg","datePublished":"2016-02-16T22:18:31+00:00","description":"Accueil Vespa Club Mons Borinage","breadcrumb":{"@id":"https:\/\/histoire.easyaccess2web.com\/vespa\/accueil-vespa-club-mons-borinage\/#breadcrumb"},"inLanguage":"fr-FR","potentialAction":[{"@type":"ReadAction","target":["https:\/\/histoire.easyaccess2web.com\/vespa\/accueil-vespa-club-mons-borinage\/"]}]},{"@type":"ImageObject","inLanguage":"fr-FR","@id":"https:\/\/histoire.easyaccess2web.com\/vespa\/accueil-vespa-club-mons-borinage\/#primaryimage","url":"https:\/\/histoire.easyaccess2web.com\/vespa\/wp-content\/uploads\/sites\/40\/2013\/11\/blanche.jpg","contentUrl":"https:\/\/histoire.easyaccess2web.com\/vespa\/wp-content\/uploads\/sites\/40\/2013\/11\/blanche.jpg","width":676,"height":422},{"@type":"BreadcrumbList","@id":"https:\/\/histoire.easyaccess2web.com\/vespa\/accueil-vespa-club-mons-borinage\/#breadcrumb","itemListElement":[{"@type":"ListItem","position":1,"name":"Accueil","item":"https:\/\/histoire.easyaccess2web.com\/vespa\/"},{"@type":"ListItem","position":2,"name":"Accueil Vespa Club Mons Borinage"}]},{"@type":"WebSite","@id":"https:\/\/histoire.easyaccess2web.com\/vespa\/#website","url":"https:\/\/histoire.easyaccess2web.com\/vespa\/","name":"vespa","description":"","potentialAction":[{"@type":"SearchAction","target":{"@type":"EntryPoint","urlTemplate":"https:\/\/histoire.easyaccess2web.com\/vespa\/?s={search_term_string}"},"query-input":{"@type":"PropertyValueSpecification","valueRequired":true,"valueName":"search_term_string"}}],"inLanguage":"fr-FR"}]}},"_links":{"self":[{"href":"https:\/\/histoire.easyaccess2web.com\/vespa\/wp-json\/wp\/v2\/pages\/2931","targetHints":{"allow":["GET"]}}],"collection":[{"href":"https:\/\/histoire.easyaccess2web.com\/vespa\/wp-json\/wp\/v2\/pages"}],"about":[{"href":"https:\/\/histoire.easyaccess2web.com\/vespa\/wp-json\/wp\/v2\/types\/page"}],"author":[{"embeddable":true,"href":"https:\/\/histoire.easyaccess2web.com\/vespa\/wp-json\/wp\/v2\/users\/650"}],"replies":[{"embeddable":true,"href":"https:\/\/histoire.easyaccess2web.com\/vespa\/wp-json\/wp\/v2\/comments?post=2931"}],"version-history":[{"count":0,"href":"https:\/\/histoire.easyaccess2web.com\/vespa\/wp-json\/wp\/v2\/pages\/2931\/revisions"}],"wp:attachment":[{"href":"https:\/\/histoire.easyaccess2web.com\/vespa\/wp-json\/wp\/v2\/media?parent=2931"}],"curies":[{"name":"wp","href":"https:\/\/api.w.org\/{rel}","templated":true}]}}