{"version":"1.0","provider_name":"vespa","provider_url":"https:\/\/histoire.easyaccess2web.com\/vespa","title":"Rallye VC Bruges 2021 - 3e Halletoren Rit - vespa","type":"rich","width":600,"height":338,"html":"<blockquote class=\"wp-embedded-content\" data-secret=\"CtXzjSgjXa\"><a href=\"https:\/\/histoire.easyaccess2web.com\/vespa\/2021\/09\/11\/rallye-vc-bruges-2021-3e-halletoren-rit\/\">Rallye VC Bruges 2021 &#8211; 3e Halletoren Rit<\/a><\/blockquote><iframe sandbox=\"allow-scripts\" security=\"restricted\" src=\"https:\/\/histoire.easyaccess2web.com\/vespa\/2021\/09\/11\/rallye-vc-bruges-2021-3e-halletoren-rit\/embed\/#?secret=CtXzjSgjXa\" width=\"600\" height=\"338\" title=\"\u00ab\u00a0Rallye VC Bruges 2021 &#8211; 3e Halletoren Rit\u00a0\u00bb &#8212; vespa\" data-secret=\"CtXzjSgjXa\" frameborder=\"0\" marginwidth=\"0\" marginheight=\"0\" scrolling=\"no\" class=\"wp-embedded-content\"><\/iframe><script type=\"text\/javascript\">\n\/* <![CDATA[ *\/\n\/*! This file is auto-generated *\/\n!function(d,l){\"use strict\";l.querySelector&&d.addEventListener&&\"undefined\"!=typeof URL&&(d.wp=d.wp||{},d.wp.receiveEmbedMessage||(d.wp.receiveEmbedMessage=function(e){var t=e.data;if((t||t.secret||t.message||t.value)&&!\/[^a-zA-Z0-9]\/.test(t.secret)){for(var s,r,n,a=l.querySelectorAll('iframe[data-secret=\"'+t.secret+'\"]'),o=l.querySelectorAll('blockquote[data-secret=\"'+t.secret+'\"]'),c=new RegExp(\"^https?:$\",\"i\"),i=0;i<o.length;i++)o[i].style.display=\"none\";for(i=0;i<a.length;i++)s=a[i],e.source===s.contentWindow&&(s.removeAttribute(\"style\"),\"height\"===t.message?(1e3<(r=parseInt(t.value,10))?r=1e3:~~r<200&&(r=200),s.height=r):\"link\"===t.message&&(r=new URL(s.getAttribute(\"src\")),n=new URL(t.value),c.test(n.protocol))&&n.host===r.host&&l.activeElement===s&&(d.top.location.href=t.value))}},d.addEventListener(\"message\",d.wp.receiveEmbedMessage,!1),l.addEventListener(\"DOMContentLoaded\",function(){for(var e,t,s=l.querySelectorAll(\"iframe.wp-embedded-content\"),r=0;r<s.length;r++)(t=(e=s[r]).getAttribute(\"data-secret\"))||(t=Math.random().toString(36).substring(2,12),e.src+=\"#?secret=\"+t,e.setAttribute(\"data-secret\",t)),e.contentWindow.postMessage({message:\"ready\",secret:t},\"*\")},!1)))}(window,document);\n\/\/# sourceURL=https:\/\/histoire.easyaccess2web.com\/vespa\/wp-includes\/js\/wp-embed.min.js\n\/* ]]> *\/\n<\/script>\n","thumbnail_url":"https:\/\/histoire.easyaccess2web.com\/vespa\/wp-content\/uploads\/sites\/40\/2021\/09\/Halletorenrit-VC-Bruges-2021.jpg","thumbnail_width":1085,"thumbnail_height":478,"description":"[vc_row][vc_column width=\u00a0\u00bb1\/1&Prime;][vc_column_text]Destination de choix pour quelques membres du VCMB qui ont pu d\u00e9couvrir cette ann\u00e9e les campagnes environnantes de Bruges, le long de la fronti\u00e8re hollandaise. Tant les organisateurs que les participants auraient m\u00e9rit\u00e9 une m\u00e9t\u00e9o plus cl\u00e9mente mais au final, nous nous sommes bien..."}

[vc_row][vc_column width= »1/1&Prime;][vc_column_text]Destination de choix pour quelques membres du VCMB qui ont pu découvrir cette année les campagnes environnantes de Bruges, le long de la frontière hollandaise. Tant les organisateurs que les participants auraient mérité une météo plus clémente mais au final, nous nous sommes bien...
